{"id":34,"date":"2015-11-12T14:20:55","date_gmt":"2015-11-12T13:20:55","guid":{"rendered":"http:\/\/www.svensk-indiskaagape-missionen.se\/?page_id=34"},"modified":"2026-03-13T18:19:08","modified_gmt":"2026-03-13T17:19:08","slug":"start","status":"publish","type":"page","link":"https:\/\/www.svensk-indiskaagape-missionen.se\/","title":{"rendered":"Start"},"content":{"rendered":"<div class=\"elementToProof\">K\u00e4ra V\u00e4nner!<\/div>\n<div class=\"elementToProof\">&nbsp;<\/div>\n<div class=\"elementToProof\">Bifogar Nyhetsbrev f\u00f6r mars 2026 fr\u00e5n Agape, Indien.<\/div>\n<div class=\"elementToProof\">V\u00e4lkomna till \u00c5rsm\u00f6te 22\/3 kl 10:00 i Vrigstad.<\/div>\n<div class=\"elementToProof\">&nbsp;<\/div>\n<div class=\"elementToProof\">Tack f\u00f6r allt ni g\u00f6r och gjort.<\/div>\n<div class=\"elementToProof\">&nbsp;<\/div>\n<div class=\"elementToProof\">H\u00e4lsningar<\/div>\n<div class=\"elementToProof\">Jan Klehn<\/div>\n<div>\n<p><a href=\"http:\/\/www.svensk-indiskaagape-missionen.se\/wp-content\/uploads\/2026\/03\/Mars-2026.pdf\" target=\"_blank\" rel=\"noopener\">Till Nyhetsbrevet<\/a><\/p>\n<\/div>\n<div>\n<hr>\n<\/div>\n<p>&nbsp;<\/p>\n<p><a href=\"http:\/\/www.svensk-indiskaagape-missionen.se\/wp-content\/uploads\/2015\/11\/Bild1.png\" rel=\"attachment wp-att-83\"><img loading=\"lazy\" decoding=\"async\" class=\"alignnone size-large wp-image-83\" src=\"http:\/\/www.svensk-indiskaagape-missionen.se\/wp-content\/uploads\/2015\/11\/Bild1-1024x681.png\" alt=\"Bild1\" width=\"474\" height=\"315\" srcset=\"https:\/\/www.svensk-indiskaagape-missionen.se\/wp-content\/uploads\/2015\/11\/Bild1-1024x681.png 1024w, https:\/\/www.svensk-indiskaagape-missionen.se\/wp-content\/uploads\/2015\/11\/Bild1-300x200.png 300w, https:\/\/www.svensk-indiskaagape-missionen.se\/wp-content\/uploads\/2015\/11\/Bild1-768x511.png 768w, https:\/\/www.svensk-indiskaagape-missionen.se\/wp-content\/uploads\/2015\/11\/Bild1.png 1714w\" sizes=\"auto, (max-width: 474px) 100vw, 474px\" \/><\/a><\/p>\n<p>&nbsp;<\/p>\n<p>Vachan Sing Bandari med n\u00e5gra av barnen vid skolan i hans hemby Bareth<\/p>\n<p>&nbsp;<\/p>\n<p>I norra Indien bland Himalayas berg ligger delstaten Uttarakhand.<\/p>\n<p>Att n\u00e5 dit med evangeliet genom f\u00f6rkunnelse och praktisk hj\u00e4lp \u00e4r huvudsyftet f\u00f6r organisationen Agape. Den evangeliskt kristna hj\u00e4lporganisationen startades officiellt 1980.&nbsp;Tio \u00e5r tidigare upplevde den d\u00e5 nyfr\u00e4lste hindupojken Vachan Singh Bhandari Guds kallelse att g\u00e5 ut med evangeliet till sitt folk garhwalerna. Detta folk hade aldrig tidigare f\u00e5tt h\u00f6ra om Jesu Kristi k\u00e4rleksbudskap.<\/p>\n<p>I Agape:s skolor f\u00e5r barnen bra undervisning och en chans att l\u00e4ra k\u00e4nna Jesus.<\/p>\n<p>GUDS K\u00c4RLEK TILL INDIEN<\/p>\n<p><a href=\"http:\/\/www.svensk-indiskaagape-missionen.se\/wp-content\/uploads\/2015\/11\/Bild2.png\" rel=\"attachment wp-att-84\"><img loading=\"lazy\" decoding=\"async\" class=\"alignnone size-large wp-image-84\" src=\"http:\/\/www.svensk-indiskaagape-missionen.se\/wp-content\/uploads\/2015\/11\/Bild2-1024x680.png\" alt=\"Bild2\" width=\"474\" height=\"315\" srcset=\"https:\/\/www.svensk-indiskaagape-missionen.se\/wp-content\/uploads\/2015\/11\/Bild2-1024x680.png 1024w, https:\/\/www.svensk-indiskaagape-missionen.se\/wp-content\/uploads\/2015\/11\/Bild2-300x199.png 300w, https:\/\/www.svensk-indiskaagape-missionen.se\/wp-content\/uploads\/2015\/11\/Bild2-768x510.png 768w, https:\/\/www.svensk-indiskaagape-missionen.se\/wp-content\/uploads\/2015\/11\/Bild2.png 1768w\" sizes=\"auto, (max-width: 474px) 100vw, 474px\" \/><\/a><\/p>\n<p>Hindustaden Rishikesh vy uppifr\u00e5n floden Ganges<\/p>\n<p>Agape har m\u00e5nga medarbetare som \u00e4r verksamma som pastorer, evangelister, l\u00e4rare och socialarbetare p\u00e5 ett flertal platser i norra Indien, men \u00e4ven p\u00e5 andra platser runt omkring i Indien. Norra Indien \u00e4r ett mycket starkt religi\u00f6st hinduiskt omr\u00e5de och det finns endast 0,5 % kristna bland drygt 10 miljoner inv\u00e5nare i delstaten Uttaranchal. I staden Rishikesh, en av hinduismens heligaste platser, \u00e4r det enligt lag f\u00f6rbjudet att ha en kristen kyrka<\/p>\n<p>Allt detta g\u00f6r att arbetet ofta \u00e4r h\u00e5rt och betungande. MEN GUDS VERK G\u00c5R FRAM\u00c5T! Bland annat tack vare m\u00e5nga h\u00e4ngivna medarbetare och alla v\u00e4nner i b\u00e5de Sverige och i andra l\u00e4nder som ber och offrar f\u00f6r arbetet bland Gahrwals folk.<\/p>\n<hr>\n<p>&nbsp;<\/p>\n<h1><strong>Visste du<\/strong><\/h1>\n<p>att Agape \u00e4r en f\u00f6rkortning f\u00f6r \u201dThe Association for Garhwal\u2019s Advancement, Prosperity and Evangelisation\u201d. Agape betyder \u201dunderbar, ovillkorlig och sj\u00e4lvutgivande k\u00e4rlek.\u201d Agape Mission School \u00e4r nu ansluten till Indiens instans f\u00f6r h\u00f6gre utbildning.<\/p>\n<hr>\n<p><strong>Om du vill st\u00f6dja ekonomiskt \u00e4r v\u00e5rt&nbsp; &nbsp; &nbsp;<\/strong><\/p>\n<p><strong>Bankgiro: 735-2388 <\/strong><\/p>\n<p><strong>Plusgiro: 655797-9<\/strong><\/p>\n<p><b>Tack f\u00f6r&nbsp;Din g\u00e5va!<\/b><\/p>\n<p>Din g\u00e5va g\u00e5r oavkortat till arbetet i Indien. V\u00e5ra administrativa kostnader h\u00e5lls nere p\u00e5 minimal niv\u00e5 och alla i den svenska styrelsen arbetar ideellt.<\/p>\n<p>&nbsp;<\/p>\n<p>&nbsp;<\/p>\n<p>&nbsp;<\/p>\n","protected":false},"excerpt":{"rendered":"<p>K\u00e4ra V\u00e4nner! &nbsp; Bifogar Nyhetsbrev f\u00f6r mars 2026 fr\u00e5n Agape, Indien. V\u00e4lkomna till \u00c5rsm\u00f6te 22\/3 kl 10:00 i Vrigstad. &nbsp; Tack f\u00f6r allt ni g\u00f6r och gjort. &nbsp; H\u00e4lsningar Jan Klehn Till Nyhetsbrevet &nbsp; &nbsp; Vachan Sing Bandari med n\u00e5gra av barnen vid skolan i hans hemby Bareth &nbsp; I norra Indien bland Himalayas berg &hellip; <a href=\"https:\/\/www.svensk-indiskaagape-missionen.se\/\" class=\"more-link\">Forts\u00e4tt l\u00e4sa <span class=\"screen-reader-text\">Start<\/span> <span class=\"meta-nav\">&rarr;<\/span><\/a><\/p>\n","protected":false},"author":1,"featured_media":0,"parent":0,"menu_order":0,"comment_status":"closed","ping_status":"closed","template":"","meta":{"ngg_post_thumbnail":0,"footnotes":""},"class_list":["post-34","page","type-page","status-publish","hentry"],"_links":{"self":[{"href":"https:\/\/www.svensk-indiskaagape-missionen.se\/index.php\/wp-json\/wp\/v2\/pages\/34","targetHints":{"allow":["GET"]}}],"collection":[{"href":"https:\/\/www.svensk-indiskaagape-missionen.se\/index.php\/wp-json\/wp\/v2\/pages"}],"about":[{"href":"https:\/\/www.svensk-indiskaagape-missionen.se\/index.php\/wp-json\/wp\/v2\/types\/page"}],"author":[{"embeddable":true,"href":"https:\/\/www.svensk-indiskaagape-missionen.se\/index.php\/wp-json\/wp\/v2\/users\/1"}],"replies":[{"embeddable":true,"href":"https:\/\/www.svensk-indiskaagape-missionen.se\/index.php\/wp-json\/wp\/v2\/comments?post=34"}],"version-history":[{"count":90,"href":"https:\/\/www.svensk-indiskaagape-missionen.se\/index.php\/wp-json\/wp\/v2\/pages\/34\/revisions"}],"predecessor-version":[{"id":653,"href":"https:\/\/www.svensk-indiskaagape-missionen.se\/index.php\/wp-json\/wp\/v2\/pages\/34\/revisions\/653"}],"wp:attachment":[{"href":"https:\/\/www.svensk-indiskaagape-missionen.se\/index.php\/wp-json\/wp\/v2\/media?parent=34"}],"curies":[{"name":"wp","href":"https:\/\/api.w.org\/{rel}","templated":true}]}}