{"id":484,"date":"2021-11-28T20:22:51","date_gmt":"2021-11-28T19:22:51","guid":{"rendered":"http:\/\/www.svensk-indiskaagape-missionen.se\/?page_id=484"},"modified":"2024-03-10T14:51:53","modified_gmt":"2024-03-10T13:51:53","slug":"nyhetsbrev-julen-2021","status":"publish","type":"page","link":"http:\/\/www.svensk-indiskaagape-missionen.se\/index.php\/arkiv\/arkiv-2021\/nyhetsbrev-julen-2021\/","title":{"rendered":"Nyhetsbrev Julen 2021"},"content":{"rendered":"<div>K\u00e4ra Agape v\u00e4nner!<\/div>\n<div>&nbsp;<\/div>\n<div>Bifogar Nyhetsbrev f\u00f6r Julen 2021. Vill ocks\u00e5 tacka alla f\u00f6r allt st\u00f6d under det g\u00e5ngna \u00e5ret.<\/div>\n<div>M\u00e5nga har gjort st\u00f6rre eller mindre extra satsningar. Det betyder allt f\u00f6r v\u00e5ra v\u00e4nner i Indien.<\/div>\n<div>Tack.<\/div>\n<div>\u00d6nskar Er ocks\u00e5 God Jul och Gott Nytt \u00e5r 2022.<\/div>\n<div>&nbsp;<\/div>\n<div>mvh<\/div>\n<div>Jan Klehn, ordf\u00f6rande, Sverige<\/div>\n<div>&nbsp;<\/div>\n<div><a href=\"http:\/\/www.svensk-indiskaagape-missionen.se\/wp-content\/uploads\/2021\/11\/Nyhetsbrev-Julen-2021-pdf.pdf\"><strong>Till Nyhetsbrevet<\/strong><\/a><\/div>\n","protected":false},"excerpt":{"rendered":"<p>K\u00e4ra Agape v\u00e4nner! &nbsp; Bifogar Nyhetsbrev f\u00f6r Julen 2021. Vill ocks\u00e5 tacka alla f\u00f6r allt st\u00f6d under det g\u00e5ngna \u00e5ret. M\u00e5nga har gjort st\u00f6rre eller mindre extra satsningar. Det betyder allt f\u00f6r v\u00e5ra v\u00e4nner i Indien. Tack. \u00d6nskar Er ocks\u00e5 God Jul och Gott Nytt \u00e5r 2022. &nbsp; mvh Jan Klehn, ordf\u00f6rande, Sverige &nbsp; Till &hellip; <a href=\"http:\/\/www.svensk-indiskaagape-missionen.se\/index.php\/arkiv\/arkiv-2021\/nyhetsbrev-julen-2021\/\" class=\"more-link\">Forts\u00e4tt l\u00e4sa <span class=\"screen-reader-text\">Nyhetsbrev Julen 2021<\/span> <span class=\"meta-nav\">&rarr;<\/span><\/a><\/p>\n","protected":false},"author":1,"featured_media":0,"parent":573,"menu_order":4,"comment_status":"closed","ping_status":"closed","template":"","meta":{"ngg_post_thumbnail":0,"footnotes":""},"class_list":["post-484","page","type-page","status-publish","hentry"],"_links":{"self":[{"href":"http:\/\/www.svensk-indiskaagape-missionen.se\/index.php\/wp-json\/wp\/v2\/pages\/484","targetHints":{"allow":["GET"]}}],"collection":[{"href":"http:\/\/www.svensk-indiskaagape-missionen.se\/index.php\/wp-json\/wp\/v2\/pages"}],"about":[{"href":"http:\/\/www.svensk-indiskaagape-missionen.se\/index.php\/wp-json\/wp\/v2\/types\/page"}],"author":[{"embeddable":true,"href":"http:\/\/www.svensk-indiskaagape-missionen.se\/index.php\/wp-json\/wp\/v2\/users\/1"}],"replies":[{"embeddable":true,"href":"http:\/\/www.svensk-indiskaagape-missionen.se\/index.php\/wp-json\/wp\/v2\/comments?post=484"}],"version-history":[{"count":3,"href":"http:\/\/www.svensk-indiskaagape-missionen.se\/index.php\/wp-json\/wp\/v2\/pages\/484\/revisions"}],"predecessor-version":[{"id":488,"href":"http:\/\/www.svensk-indiskaagape-missionen.se\/index.php\/wp-json\/wp\/v2\/pages\/484\/revisions\/488"}],"up":[{"embeddable":true,"href":"http:\/\/www.svensk-indiskaagape-missionen.se\/index.php\/wp-json\/wp\/v2\/pages\/573"}],"wp:attachment":[{"href":"http:\/\/www.svensk-indiskaagape-missionen.se\/index.php\/wp-json\/wp\/v2\/media?parent=484"}],"curies":[{"name":"wp","href":"https:\/\/api.w.org\/{rel}","templated":true}]}}