{"id":249,"date":"2019-06-09T19:09:15","date_gmt":"2019-06-09T17:09:15","guid":{"rendered":"http:\/\/www.svensk-indiskaagape-missionen.se\/?page_id=249"},"modified":"2020-09-06T11:06:35","modified_gmt":"2020-09-06T09:06:35","slug":"nyhetsbrev-juni-2019","status":"publish","type":"page","link":"http:\/\/www.svensk-indiskaagape-missionen.se\/index.php\/arkiv\/arkiv-2019\/nyhetsbrev-juni-2019\/","title":{"rendered":"Nyhetsbrev juni 2019"},"content":{"rendered":"<div>K\u00e4ra Agape-v\u00e4nner!<\/div>\n<div>Nu \u00e4r sommaren h\u00e4r och vi hoppas ni alla njuter av v\u00e4rmen. I Indien p\u00e5g\u00e5r arbetet med skolorna f\u00f6r full, som ni kan se i Nyhetsbrevet h\u00e4r. Gl\u00e4djande \u00e4r att arbetet med ett nytt k\u00f6k i Bareth nu kommit en bra bit p\u00e5 v\u00e4g. Det framg\u00e5r ocks\u00e5 att det blir allt sv\u00e5rare f\u00f6r de kristna i Indien, bland annat kan det bli problem med kristna morgonandakter p\u00e5 skolorna. De \u00e4r v\u00e4ldigt betydelsefulla, s\u00e5 be att de kan f\u00e5 forts\u00e4tta.<\/div>\n<div>Be ocks\u00e5 extra f\u00f6r Vachan som varit sjuk ett tag.<\/div>\n<div>S\u00e5 tackar vi f\u00f6r allt st\u00f6d hittills och hoppas ni vill forts\u00e4tta med detta.<\/div>\n<div>Ha en trevlig sommar. Vi tr\u00e4ffas kanske i h\u00f6st n\u00e4r Vachan och Vikrant bes\u00f6ker Sverige.<\/div>\n<div>&nbsp;<\/div>\n<div>H\u00e4lsningar fr\u00e5n Agapestyrelsen genom&nbsp;<\/div>\n<div>&nbsp;<\/div>\n<div>Jan Klehn, ordf\u00f6rande<\/div>\n<div>&nbsp;<\/div>\n<div><a href=\"http:\/\/www.svensk-indiskaagape-missionen.se\/wp-content\/uploads\/2019\/06\/Nyhetsbrev-Juni-2019-pdf.pdf\"><strong>L\u00e4s nyhetsbrevet<\/strong><\/a><\/div>\n","protected":false},"excerpt":{"rendered":"<p>K\u00e4ra Agape-v\u00e4nner! Nu \u00e4r sommaren h\u00e4r och vi hoppas ni alla njuter av v\u00e4rmen. I Indien p\u00e5g\u00e5r arbetet med skolorna f\u00f6r full, som ni kan se i Nyhetsbrevet h\u00e4r. Gl\u00e4djande \u00e4r att arbetet med ett nytt k\u00f6k i Bareth nu kommit en bra bit p\u00e5 v\u00e4g. Det framg\u00e5r ocks\u00e5 att det blir allt sv\u00e5rare f\u00f6r &hellip; <a href=\"http:\/\/www.svensk-indiskaagape-missionen.se\/index.php\/arkiv\/arkiv-2019\/nyhetsbrev-juni-2019\/\" class=\"more-link\">Forts\u00e4tt l\u00e4sa <span class=\"screen-reader-text\">Nyhetsbrev juni 2019<\/span> <span class=\"meta-nav\">&rarr;<\/span><\/a><\/p>\n","protected":false},"author":1,"featured_media":0,"parent":433,"menu_order":0,"comment_status":"closed","ping_status":"closed","template":"page-templates\/full-width.php","meta":{"ngg_post_thumbnail":0,"footnotes":""},"class_list":["post-249","page","type-page","status-publish","hentry"],"_links":{"self":[{"href":"http:\/\/www.svensk-indiskaagape-missionen.se\/index.php\/wp-json\/wp\/v2\/pages\/249","targetHints":{"allow":["GET"]}}],"collection":[{"href":"http:\/\/www.svensk-indiskaagape-missionen.se\/index.php\/wp-json\/wp\/v2\/pages"}],"about":[{"href":"http:\/\/www.svensk-indiskaagape-missionen.se\/index.php\/wp-json\/wp\/v2\/types\/page"}],"author":[{"embeddable":true,"href":"http:\/\/www.svensk-indiskaagape-missionen.se\/index.php\/wp-json\/wp\/v2\/users\/1"}],"replies":[{"embeddable":true,"href":"http:\/\/www.svensk-indiskaagape-missionen.se\/index.php\/wp-json\/wp\/v2\/comments?post=249"}],"version-history":[{"count":2,"href":"http:\/\/www.svensk-indiskaagape-missionen.se\/index.php\/wp-json\/wp\/v2\/pages\/249\/revisions"}],"predecessor-version":[{"id":251,"href":"http:\/\/www.svensk-indiskaagape-missionen.se\/index.php\/wp-json\/wp\/v2\/pages\/249\/revisions\/251"}],"up":[{"embeddable":true,"href":"http:\/\/www.svensk-indiskaagape-missionen.se\/index.php\/wp-json\/wp\/v2\/pages\/433"}],"wp:attachment":[{"href":"http:\/\/www.svensk-indiskaagape-missionen.se\/index.php\/wp-json\/wp\/v2\/media?parent=249"}],"curies":[{"name":"wp","href":"https:\/\/api.w.org\/{rel}","templated":true}]}}