{"id":166,"date":"2017-09-09T19:36:47","date_gmt":"2017-09-09T17:36:47","guid":{"rendered":"http:\/\/www.svensk-indiskaagape-missionen.se\/?page_id=166"},"modified":"2020-09-06T10:26:06","modified_gmt":"2020-09-06T08:26:06","slug":"nyhetsbrev-sep-2017","status":"publish","type":"page","link":"http:\/\/www.svensk-indiskaagape-missionen.se\/index.php\/arkiv\/arkiv-2017\/nyhetsbrev-sep-2017\/","title":{"rendered":"Nyhetsbrev sep 2017"},"content":{"rendered":"<p><strong>AGAPE NYHETSBREV September 2017 <\/strong><\/p>\n<p>V\u00e4nner och f\u00f6rebedjare f\u00f6r Agapemissionen!<br \/>\nNyhetsbrevet den h\u00e4r g\u00e5ngen st\u00e5r Vikrant (Babu) Bhandari f\u00f6r.<\/p>\n<p>Han \u00e4r, som framg\u00e5r, ny Direktor f\u00f6r Agape med Vachan som mentor. Hoppas ni ska finna brevet intressant.<\/p>\n<p>H\u00e4lsningar Styrelsen Agape Sverige<\/p>\n<p>Klicka p\u00e5 l\u00e4nken nedan f\u00f6r att l\u00e4sa hela brevet<\/p>\n<p><a href=\"http:\/\/www.svensk-indiskaagape-missionen.se\/wp-content\/uploads\/2017\/09\/Nyhetsbrev-sept-2017-pdf.pdf\">Nyhetsbrev sept 2017 pdf<\/a><\/p>\n","protected":false},"excerpt":{"rendered":"<p>AGAPE NYHETSBREV September 2017 V\u00e4nner och f\u00f6rebedjare f\u00f6r Agapemissionen! Nyhetsbrevet den h\u00e4r g\u00e5ngen st\u00e5r Vikrant (Babu) Bhandari f\u00f6r. Han \u00e4r, som framg\u00e5r, ny Direktor f\u00f6r Agape med Vachan som mentor. Hoppas ni ska finna brevet intressant. H\u00e4lsningar Styrelsen Agape Sverige Klicka p\u00e5 l\u00e4nken nedan f\u00f6r att l\u00e4sa hela brevet Nyhetsbrev sept 2017 pdf<\/p>\n","protected":false},"author":1,"featured_media":0,"parent":437,"menu_order":0,"comment_status":"closed","ping_status":"closed","template":"page-templates\/full-width.php","meta":{"ngg_post_thumbnail":0,"footnotes":""},"class_list":["post-166","page","type-page","status-publish","hentry"],"_links":{"self":[{"href":"http:\/\/www.svensk-indiskaagape-missionen.se\/index.php\/wp-json\/wp\/v2\/pages\/166","targetHints":{"allow":["GET"]}}],"collection":[{"href":"http:\/\/www.svensk-indiskaagape-missionen.se\/index.php\/wp-json\/wp\/v2\/pages"}],"about":[{"href":"http:\/\/www.svensk-indiskaagape-missionen.se\/index.php\/wp-json\/wp\/v2\/types\/page"}],"author":[{"embeddable":true,"href":"http:\/\/www.svensk-indiskaagape-missionen.se\/index.php\/wp-json\/wp\/v2\/users\/1"}],"replies":[{"embeddable":true,"href":"http:\/\/www.svensk-indiskaagape-missionen.se\/index.php\/wp-json\/wp\/v2\/comments?post=166"}],"version-history":[{"count":3,"href":"http:\/\/www.svensk-indiskaagape-missionen.se\/index.php\/wp-json\/wp\/v2\/pages\/166\/revisions"}],"predecessor-version":[{"id":170,"href":"http:\/\/www.svensk-indiskaagape-missionen.se\/index.php\/wp-json\/wp\/v2\/pages\/166\/revisions\/170"}],"up":[{"embeddable":true,"href":"http:\/\/www.svensk-indiskaagape-missionen.se\/index.php\/wp-json\/wp\/v2\/pages\/437"}],"wp:attachment":[{"href":"http:\/\/www.svensk-indiskaagape-missionen.se\/index.php\/wp-json\/wp\/v2\/media?parent=166"}],"curies":[{"name":"wp","href":"https:\/\/api.w.org\/{rel}","templated":true}]}}