{"id":156,"date":"2017-06-07T18:26:03","date_gmt":"2017-06-07T16:26:03","guid":{"rendered":"http:\/\/www.svensk-indiskaagape-missionen.se\/?page_id=156"},"modified":"2020-09-06T11:05:31","modified_gmt":"2020-09-06T09:05:31","slug":"nyhetsbrev-juni-2017","status":"publish","type":"page","link":"http:\/\/www.svensk-indiskaagape-missionen.se\/index.php\/arkiv\/arkiv-2017\/nyhetsbrev-juni-2017\/","title":{"rendered":"Nyhetsbrev juni 2017"},"content":{"rendered":"<p><strong>K\u00e4ra v\u00e4nner till Svenska Agapemissionen<\/strong><\/p>\n<p>Sommaren \u00e4r n\u00e4ra och nu \u00e4r det tid f\u00f6r \u00e4nnu ett Nyhetsbrev fr\u00e5n arbetet i Indien. Vi vill med detta \u00f6nska alla underst\u00f6djare och f\u00f6rebedjare en h\u00e4rlig och sk\u00f6n sommar samt Guds rika v\u00e4lsignelse.<\/p>\n<p>Klicka p\u00e5 l\u00e4nken nedan f\u00f6r att l\u00e4sa hela brevet<\/p>\n<p><a href=\"http:\/\/www.svensk-indiskaagape-missionen.se\/wp-content\/uploads\/2017\/06\/Nyhetsbrev-juni-2017.pdf\">Nyhetsbrev juni 2017<\/a><\/p>\n<p><em>H\u00e4lsningar Styrelsen<\/em><\/p>\n","protected":false},"excerpt":{"rendered":"<p>K\u00e4ra v\u00e4nner till Svenska Agapemissionen Sommaren \u00e4r n\u00e4ra och nu \u00e4r det tid f\u00f6r \u00e4nnu ett Nyhetsbrev fr\u00e5n arbetet i Indien. Vi vill med detta \u00f6nska alla underst\u00f6djare och f\u00f6rebedjare en h\u00e4rlig och sk\u00f6n sommar samt Guds rika v\u00e4lsignelse. Klicka p\u00e5 l\u00e4nken nedan f\u00f6r att l\u00e4sa hela brevet Nyhetsbrev juni 2017 H\u00e4lsningar Styrelsen<\/p>\n","protected":false},"author":1,"featured_media":0,"parent":437,"menu_order":0,"comment_status":"closed","ping_status":"closed","template":"page-templates\/full-width.php","meta":{"ngg_post_thumbnail":0,"footnotes":""},"class_list":["post-156","page","type-page","status-publish","hentry"],"_links":{"self":[{"href":"http:\/\/www.svensk-indiskaagape-missionen.se\/index.php\/wp-json\/wp\/v2\/pages\/156","targetHints":{"allow":["GET"]}}],"collection":[{"href":"http:\/\/www.svensk-indiskaagape-missionen.se\/index.php\/wp-json\/wp\/v2\/pages"}],"about":[{"href":"http:\/\/www.svensk-indiskaagape-missionen.se\/index.php\/wp-json\/wp\/v2\/types\/page"}],"author":[{"embeddable":true,"href":"http:\/\/www.svensk-indiskaagape-missionen.se\/index.php\/wp-json\/wp\/v2\/users\/1"}],"replies":[{"embeddable":true,"href":"http:\/\/www.svensk-indiskaagape-missionen.se\/index.php\/wp-json\/wp\/v2\/comments?post=156"}],"version-history":[{"count":4,"href":"http:\/\/www.svensk-indiskaagape-missionen.se\/index.php\/wp-json\/wp\/v2\/pages\/156\/revisions"}],"predecessor-version":[{"id":161,"href":"http:\/\/www.svensk-indiskaagape-missionen.se\/index.php\/wp-json\/wp\/v2\/pages\/156\/revisions\/161"}],"up":[{"embeddable":true,"href":"http:\/\/www.svensk-indiskaagape-missionen.se\/index.php\/wp-json\/wp\/v2\/pages\/437"}],"wp:attachment":[{"href":"http:\/\/www.svensk-indiskaagape-missionen.se\/index.php\/wp-json\/wp\/v2\/media?parent=156"}],"curies":[{"name":"wp","href":"https:\/\/api.w.org\/{rel}","templated":true}]}}