{"id":128,"date":"2016-10-18T21:31:01","date_gmt":"2016-10-18T19:31:01","guid":{"rendered":"http:\/\/www.svensk-indiskaagape-missionen.se\/?page_id=128"},"modified":"2020-09-06T11:11:13","modified_gmt":"2020-09-06T09:11:13","slug":"sverigebesok-2016","status":"publish","type":"page","link":"http:\/\/www.svensk-indiskaagape-missionen.se\/index.php\/arkiv\/arkiv-2016\/sverigebesok-2016\/","title":{"rendered":"Sverigebes\u00f6k 2016"},"content":{"rendered":"<p>Lyckad turn\u00e9 i Sverige<\/p>\n<p>F\u00f6rv\u00e4ntningarna som Vachan och Firoza Bhandari hade p\u00e5 h\u00f6stens bes\u00f6k i Sverige infriades. Under en m\u00e5nad mellan 27 augusti och 25 september bes\u00f6kte paret 25 platser och f\u00f6rsamlingar i s\u00f6dra Sverige. De ber\u00e4ttade b\u00e5da att de var mycket n\u00f6jda med turen innan \u00e5terresan fr\u00e5n Landvetter den 27:e.<br \/>\nFiroza, som inte varit i Sverige p\u00e5 n\u00e4rmare tio \u00e5r, upplevde ocks\u00e5 en sk\u00f6n avkoppling under bes\u00f6ket. Efter allt arbete i Indien som varit innan och allt som v\u00e4ntade n\u00e4r de \u00e5terv\u00e4nde, nj\u00f6t Firoza av en relativt lugn tid i Sverige.<br \/>\nHon ber\u00e4ttade ocks\u00e5 i m\u00f6tena om operationen av hennes b\u00e5da kn\u00e4n, som gjordes f\u00f6rra \u00e5ret, och tackade f\u00f6r allt st\u00f6d hon f\u00e5tt fr\u00e5n Sverige.<br \/>\nBes\u00f6ket b\u00f6rjade i Hishult och avslutades i Kortedala. Men trots att 25 m\u00f6ten avklarade fanns ocks\u00e5 tid f\u00f6r avkoppling. Vissa dagar var helt m\u00f6tesfria. De fick d\u00e5 tillf\u00e4lle till kortare utflykter i b\u00e5de skog och mark, s\u00e5g tranor och \u00e4lg, och andra intressanta saker. Och s\u00e5 hann de med ett par dygn \u201dren\u201d semester p\u00e5 \u00d6land efter de f\u00f6rsta helgernas m\u00f6ten.<\/p>\n<p>Sv\u00e5rare<br \/>\nAtt boka upp m\u00f6ten p\u00e5 olika platser har med tiden visat sig bli allt sv\u00e5rare. M\u00e5nga f\u00f6rsamlingar har inga m\u00f6ten under veckan och upplever sv\u00e5righeter att ta emot. I helgerna har en del andra arrangemang.<br \/>\nTrots allt gick det, tack vare m\u00e5ngas g\u00e4stv\u00e4nlighet och generositet, att genomf\u00f6ra ett meningsfullt bes\u00f6k. Makarna upplevde ocks\u00e5 att de v\u00e4lkomnades med \u00f6ppna armar och stort intresse att lyssna till deras ber\u00e4ttelser om vad Gud g\u00f6r med skolorna och det evangeliska arbetet i norra Indien.<br \/>\nDe offerg\u00e5vor som samlades in p\u00e5 varje plats visade ocks\u00e5 p\u00e5 ett stort engagemang och varm k\u00e4rlek till arbetet i Indien. Skolorna utvecklas positivt, trots m\u00e5nga sv\u00e5righeter, och det glada budskapet sprids genom inf\u00f6dda, trogna medarbetare och l\u00e4rare.<\/p>\n<p>Tack<br \/>\nVachan och Firoza deltog ocks\u00e5 p\u00e5 ett styrelsem\u00f6te med Svensk-Indiska Agapemissionen dagen innan avresan. Vachan ber\u00e4ttade d\u00e5 om det lyckade sverigebes\u00f6ket och informerade om arbetet i Indien. Det finns b\u00e5de gl\u00e4dje\u00e4mnen och problem, f\u00f6rklarade han.<br \/>\nMycket f\u00f6rb\u00f6n och offer beh\u00f6vs d\u00e4rf\u00f6r \u00e4ven i forts\u00e4ttningen.<br \/>\nStyrelsen vill tacka alla som hj\u00e4lpt till p\u00e5 olika s\u00e4tt. Alla f\u00f6rsamlingar som tog emot makarna och de offerg\u00e5vor som samlades in. Vi hoppas kunna \u00e5terkomma med nya bes\u00f6k inom ett par \u00e5r. Mest av allt riktar vi ett tack f\u00f6r alla f\u00f6rb\u00f6ner fr\u00e5n f\u00f6rsamlingar och enskilda. Forts\u00e4tt att be f\u00f6r arbetet. Det beh\u00f6vs.<\/p>\n<p>H\u00e4lsningar fr\u00e5n Styrelsen genom<br \/>\nJan Klehn, vice ordf\u00f6rande<br \/>\n<a href=\"http:\/\/www.svensk-indiskaagape-missionen.se\/wp-content\/uploads\/2016\/10\/Firoza-Vachan.jpg\"><img loading=\"lazy\" decoding=\"async\" class=\"alignnone size-large wp-image-129\" src=\"http:\/\/www.svensk-indiskaagape-missionen.se\/wp-content\/uploads\/2016\/10\/Firoza-Vachan-1024x680.jpg\" alt=\"Firoza &amp; Vachan\" width=\"474\" height=\"315\" srcset=\"http:\/\/www.svensk-indiskaagape-missionen.se\/wp-content\/uploads\/2016\/10\/Firoza-Vachan-1024x680.jpg 1024w, http:\/\/www.svensk-indiskaagape-missionen.se\/wp-content\/uploads\/2016\/10\/Firoza-Vachan-300x199.jpg 300w, http:\/\/www.svensk-indiskaagape-missionen.se\/wp-content\/uploads\/2016\/10\/Firoza-Vachan-768x510.jpg 768w\" sizes=\"auto, (max-width: 474px) 100vw, 474px\" \/><\/a><\/p>\n<p>Firoza och Vachan Bhandari under bes\u00f6ket i Sverige.<\/p>\n<p><a href=\"http:\/\/www.svensk-indiskaagape-missionen.se\/wp-content\/uploads\/2016\/10\/Gammelskogen.jpg\"><img loading=\"lazy\" decoding=\"async\" class=\"alignnone size-large wp-image-130\" src=\"http:\/\/www.svensk-indiskaagape-missionen.se\/wp-content\/uploads\/2016\/10\/Gammelskogen-1024x680.jpg\" alt=\"Gammelskogen\" width=\"474\" height=\"315\" srcset=\"http:\/\/www.svensk-indiskaagape-missionen.se\/wp-content\/uploads\/2016\/10\/Gammelskogen-1024x680.jpg 1024w, http:\/\/www.svensk-indiskaagape-missionen.se\/wp-content\/uploads\/2016\/10\/Gammelskogen-300x199.jpg 300w, http:\/\/www.svensk-indiskaagape-missionen.se\/wp-content\/uploads\/2016\/10\/Gammelskogen-768x510.jpg 768w\" sizes=\"auto, (max-width: 474px) 100vw, 474px\" \/><\/a><br \/>\nH\u00e4r \u00e4r Firoza och Vachan p\u00e5 v\u00e4g ut f\u00f6r en sp\u00e4nnande promenad i Gammelskogen i Ryfors, Mullsj\u00f6, tillsammans med Margit och Jan Klehn.<\/p>\n","protected":false},"excerpt":{"rendered":"<p>Lyckad turn\u00e9 i Sverige F\u00f6rv\u00e4ntningarna som Vachan och Firoza Bhandari hade p\u00e5 h\u00f6stens bes\u00f6k i Sverige infriades. Under en m\u00e5nad mellan 27 augusti och 25 september bes\u00f6kte paret 25 platser och f\u00f6rsamlingar i s\u00f6dra Sverige. De ber\u00e4ttade b\u00e5da att de var mycket n\u00f6jda med turen innan \u00e5terresan fr\u00e5n Landvetter den 27:e. Firoza, som inte varit &hellip; <a href=\"http:\/\/www.svensk-indiskaagape-missionen.se\/index.php\/arkiv\/arkiv-2016\/sverigebesok-2016\/\" class=\"more-link\">Forts\u00e4tt l\u00e4sa <span class=\"screen-reader-text\">Sverigebes\u00f6k 2016<\/span> <span class=\"meta-nav\">&rarr;<\/span><\/a><\/p>\n","protected":false},"author":1,"featured_media":0,"parent":439,"menu_order":0,"comment_status":"closed","ping_status":"closed","template":"page-templates\/full-width.php","meta":{"ngg_post_thumbnail":0,"footnotes":""},"class_list":["post-128","page","type-page","status-publish","hentry"],"_links":{"self":[{"href":"http:\/\/www.svensk-indiskaagape-missionen.se\/index.php\/wp-json\/wp\/v2\/pages\/128","targetHints":{"allow":["GET"]}}],"collection":[{"href":"http:\/\/www.svensk-indiskaagape-missionen.se\/index.php\/wp-json\/wp\/v2\/pages"}],"about":[{"href":"http:\/\/www.svensk-indiskaagape-missionen.se\/index.php\/wp-json\/wp\/v2\/types\/page"}],"author":[{"embeddable":true,"href":"http:\/\/www.svensk-indiskaagape-missionen.se\/index.php\/wp-json\/wp\/v2\/users\/1"}],"replies":[{"embeddable":true,"href":"http:\/\/www.svensk-indiskaagape-missionen.se\/index.php\/wp-json\/wp\/v2\/comments?post=128"}],"version-history":[{"count":1,"href":"http:\/\/www.svensk-indiskaagape-missionen.se\/index.php\/wp-json\/wp\/v2\/pages\/128\/revisions"}],"predecessor-version":[{"id":131,"href":"http:\/\/www.svensk-indiskaagape-missionen.se\/index.php\/wp-json\/wp\/v2\/pages\/128\/revisions\/131"}],"up":[{"embeddable":true,"href":"http:\/\/www.svensk-indiskaagape-missionen.se\/index.php\/wp-json\/wp\/v2\/pages\/439"}],"wp:attachment":[{"href":"http:\/\/www.svensk-indiskaagape-missionen.se\/index.php\/wp-json\/wp\/v2\/media?parent=128"}],"curies":[{"name":"wp","href":"https:\/\/api.w.org\/{rel}","templated":true}]}}